1 + 7*s + 10*s**2. Suppose 15 = -3*a - b, 4*a - 2*a + b + 10 = 0. What is the units digit of z(a)?
9
Suppose -4*y + 5 = -15. Suppose 2*p = 2*a + 2, y*p - p + 4*a = 12. Suppose -2*f - 86 = -5*u - 0*f, p*f - 58 = -4*u. What is the tens digit of u?
1
Suppose 0 = 695*x - 804*x + 1531777. What is the tens digit of x?
5
Let b be (-168012)/(-153) + -2 + 2/(-17). Let c = 2277 - b. What is the units digit of c?
1
Suppose -123 + 1763 = 8*z. Suppose -4*c + 161 + z = -5*f, c = -4*f + 81. What is the tens digit of c?
8
Let m(g) = 88*g - 3. Let l = -40 + 42. Let s be m(l). Suppose -h + y + 67 - 10 = 0, -3*h + 5*y = -s. What is the units digit of h?
6
Let k(y) = 11*y + 4. Let m be k(8). Let g = -46 + m. Suppose 51*p = g*p + 545. What is the units digit of p?
9
Let n = 20071 + -4870. What is the hundreds digit of n?
2
Suppose -149*i - 3 = -150*i. Suppose 2*a - 1539 = 5*g, -a = i*a - g - 3105. What is the tens digit of a?
7
Let l = 21 - 21. Suppose 9*k - k - 48 = l. What is the tens digit of (-1056)/(-11)*8/k?
2
Suppose -74932 = 13*s - 213486. What is the ten thousands digit of s?
1
Let w(k) = k**3 - 9*k**2 + k - 5. Let p be w(9). Let r(i) = -i**2 + 8*i - 11. Let s be r(p). Suppose -g + 1122 = s*g. What is the tens digit of g?
8
Let g(r) = 3*r**2 - 2*r + 123. What is the tens digit of g(19)?
6
Let z(t) be the third derivative of -17*t**4/24 + 16*t**3/3 + 68*t**2. What is the tens digit of z(-9)?
8
Let q be (1 - -2364)/((-2 - -5)/3). Suppose 25 = -5*n, 10*v + 3*n - q = 6*v. What is the hundreds digit of v?
5
What is the hundreds digit of 2/(((-240)/(-84324))/10)?
0
Suppose -346*o + 144488 - 479828 = -376*o. What is the units digit of o?
8
Suppose w + 29 = 2*s, -s + 0 + 22 = -2*w. Suppose -t + 13 = 4*m - 4, -4*m + 4*t + s = 0. What is the tens digit of 24/(-18)*(-258)/m?
8
Suppose u - 837 = -2*w + 403, 5*u + 5*w - 6180 = 0. Suppose 5*j - 1144 = -m, 5*j - u = -2*m + 1051. What is the units digit of m?
9
Let v = -34 + 84. Let m = 41 - v. What is the units digit of (0 - 3) + m + 129?
7
Let a = 645 - 645. Suppose 15*f + 1078 - 5443 = a. What is the units digit of f?
1
Suppose -b + 16916 = -17*u - 22403, b = -4*u + 39277. What is the hundreds digit of b?
2
Suppose 520410 + 1127128 = 34*n. What is the units digit of n?
7
Suppose -4*s - 28 = 5*v - 7*s, -s = -5*v - 26. Let p(u) = -23*u + 52. What is the units digit of p(v)?
7
Let f be (14/3)/(-1*14/11949). What is the tens digit of f/(-21) + 4/12?
9
Let t = 7463 + -6356. What is the tens digit of t?
0
Let s(w) = w - 8. Let z be s(-6). Let u be 76/3 + (-10)/30. Let d = u + z. What is the tens digit of d?
1
Suppose 0 = -4*y - 3*y. Suppose y = -5*m + 3*x + 15 + 2, 4*x - 4 = 0. What is the units digit of ((-17)/m)/((-16)/192)?
1
Let w be (1 - 4)*12/36 + 61. Let m = w - -135. What is the hundreds digit of m?
1
Let k = 155665 + -108647. What is the tens digit of k?
1
Let a(x) = -x**2 + 2*x + 2. Let y be a(-2). Let f be 3/y*2*(2 + 2). Let b(r) = 5*r**2 - 3*r - 9. What is the tens digit of b(f)?
8
Suppose d - 54 = 5*c, 5*d - 3 - 325 = -4*c. Let j be (49 - 3)/(16/120). Suppose 4*t + 2*z + 69 = j, -t + 2*z = -d. What is the units digit of t?
8
Suppose -135*q - 51625 = -107*q - 200389. What is the units digit of q?
3
Let a be 7613/1 + -1 + (-1 - -6). Suppose 30*g - a = 11463. What is the units digit of g?
6
Let s be 2 - (4 + -221*1)*5. Let r = -609 + s. Suppose 3*u - q = r, -5 + 3 = 2*q. What is the units digit of u?
9
Suppose 15863 = 5*j - 3*b - b, -7*b - 14 = 0. What is the units digit of j?
1
Let y(c) = -6*c**3 - 384*c**2 + 7*c + 144. What is the thousands digit of y(-65)?
5
Suppose 2*s - 97 = 5*q + 43, 0 = 4*s + 2*q - 232. Suppose 0 = -s*z + 28*z + 46016. What is the thousands digit of z?
1
Suppose 6*r = 17*r - 1716. Suppose -2240 = -r*c + 151*c. What is the tens digit of c?
4
Let r(x) = 3*x - 51 - 2*x**2 - 55 + 81 - 7*x. Let b(p) = -3*p**2 - 9*p - 51. Let k(c) = 3*b(c) - 5*r(c). What is the units digit of k(13)?
0
Suppose 0 = -259*h + 1129721 + 657379. What is the units digit of h?
0
Suppose -2*w - 3*b + 307143 = 2*w, -5*w + 383923 = -2*b. What is the thousands digit of w?
6
Let n(h) be the first derivative of 4*h**5/15 - 2*h**4 + 35*h**3/3 + 14. Let x(a) be the third derivative of n(a). What is the hundreds digit of x(8)?
2
Let l = -18269 + 31999. What is the units digit of l?
0
Suppose 94*y = 101*y - 28. Suppose -9*u + y*w = -11*u + 288, 144 = u + 5*w. What is the tens digit of u?
4
Suppose 123 = -4*f + 103. What is the tens digit of 234/f*(-350)/20?
1
Let n be (-1)/(-3)*6 - 3. Let w be (-53 + 1)/(n*(0 + -1)). Let l = -10 - w. What is the units digit of l?
2
Let z = 722 - -3071. What is the units digit of z?
3
Suppose 9939 = 15*j - 20871. What is the tens digit of j?
5
Let d be (1/((-4)/(-6)))/(18/132). Suppose 0 = 8*n - d*n + 1227. What is the tens digit of n?
0
Suppose 0 = 2*p + 6 - 22. Let r(l) = 990*l**2 - 8 - 1991*l**2 - 4 + 1003*l**2. What is the hundreds digit of r(p)?
1
Let o(g) = -2*g**2 - 3*g - 3. Let q be o(-2). What is the units digit of 2/11 - ((-103782)/77 - q)?
3
Let l(v) = 2*v**3 - 2*v**2 - 25*v - 92. Let y(p) = -3*p**3 + 25*p + 93. Let w(b) = 6*l(b) + 5*y(b). What is the hundreds digit of w(-8)?
8
Let p(b) be the first derivative of -146*b**3/3 + b**2/2 - b + 10. Let w be p(1). What is the tens digit of (-2 + -2 - w) + -3?
3
Suppose -2*n = y - 6*n - 3415, 4*n = 24. What is the hundreds digit of y?
4
Let n(w) = -w**2 + 5*w + 18. Let f be n(8). Let s = -4 - f. Suppose s*o - 60 = -4*o. What is the tens digit of o?
1
Suppose 12*b - 92 - 76 = 0. What is the units digit of (4 - 105/b)*(-20)/7?
0
Suppose 3*h - 4059 = -3*a, -3*a - 176 + 4195 = -5*h. What is the tens digit of a?
4
What is the thousands digit of -12 + (-11 - 468/(-20)) + (-149858)/(-5)?
9
What is the units digit of (6/(-4))/(735/(-2439220))?
8
Let l = 7260 - 4051. What is the tens digit of l?
0
Suppose -505 = -3*d - 5*w, -3*w - 602 = -5*d + 251. What is the units digit of (-2)/(-4) + d*(-7)/(-28)?
3
Let r = 5148 - -1112. What is the hundreds digit of r?
2
Let u = -92 - -117. Let o be -3*(u + -5 + 3). Let r = 327 + o. What is the hundreds digit of r?
2
Suppose -45505 = -144*n + 139*n. What is the units digit of n?
1
Let k(z) = -z**3 - 8*z**2 + 15*z + 10. Let c = 69 - 66. Suppose 23 = -2*v + c. What is the units digit of k(v)?
0
Suppose 4*j - 1316 = 18*j. What is the units digit of (20/1)/(-5) + (1 - j)?
1
Let y be -2 + 0 + 2118/(-12)*2. Let r = y + 850. What is the hundreds digit of r?
4
Let o = 502 + -194. Let u = -70 + o. What is the hundreds digit of u?
2
Let t(b) = -5*b + 82. Suppose -3*r - 29 = -2*r - 4*j, 2*r - j + 37 = 0. Let n = r - -17. What is the tens digit of t(n)?
8
Let t = 913 - -4385. What is the tens digit of t?
9
Let f = 19778 - 13896. What is the tens digit of f?
8
Let v(o) = -3*o**3 + 48*o**2 - 3*o + 54. Let b be v(16). What is the tens digit of 3*(-5036)/b*(-9)/18?
5
What is the thousands digit of 2/(14/37053) - 874/3059?
5
Suppose 3*u + 10*p = 5*p + 4, 5*u - 20 = 5*p. Suppose -3*v + u*a + 3878 = 2*v, -2*a + 1564 = 2*v. What is the tens digit of v?
7
Let n(w) = w**2 - 10*w + 6. Let v be n(10). Suppose v*j - 15 = 3*j. Suppose 84 = 2*d + 4*m, j*d = 3*d + 2*m + 114. What is the tens digit of d?
5
Let m(b) = -37*b + 113. Let z be m(3). Let d(u) be the third derivative of 3*u**5/4 - u**4/24 - u**3/3 + u**2. What is the units digit of d(z)?
6
Let q be (6/(-10))/((-2)/10). Let j(n) = -110*n**3 - 2*n**2 + 4*n**2 + 27*n**q - 1. What is the tens digit of j(-1)?
8
Let g(v) = 15*v + 118. Let k be ((-2)/(-8) + -1)/((-6)/(-48)). What is the units digit of g(k)?
8
Let y be (2/(-8))/(11/(-88)). Let k(b) = -b - 17*b**3 - 16*b**3 + 3 + 20*b**3 + b**y. What is the units digit of k(-2)?
3
Suppose 2*w - 4*g - 6172 = 0, 11*g = 3*w + 13*g - 9314. What is the units digit of w?
0
Let d(l) = -l**3 + 20*l**2 + 59*l - 27. Let n be d(21). Suppose -14*m + 15*m = 4*j + n, 0 = 3*m + 4*j - 2281. What is the hundreds digit of m?
7
Let x(d) be the second derivative of d**5/20 - 4*d**4/3 + 3*d**3/2 - 24*d**2 - 3*d. Let l = -1321 + 1337. What is the tens digit of x(l)?
9
Suppose -12*z - 6036 = -18*z. Suppose -333 = -t + 4*i, -3*t = -6*i + i - z. What is the tens digit of t?
3
Let h be (196/(-70) - -4)/(4/(-10)). What is the tens digit of ((-4122)/6)/h + -6?
2
Let